prime factors of 482168616.
2, 3, 29, 692771
What are the prime factors of 213180806?
2, 59, 1806617
List the prime factors of 4490446232.
2, 17, 983, 33589
What are the prime factors of 1576740367?
23, 59, 1161931
What are the prime factors of 40268479?
61, 73, 9043
List the prime factors of 1613160948.
2, 3, 7, 1009, 2719
List the prime factors of 456073194.
2, 3, 73, 229, 4547
List the prime factors of 645319308.
2, 3, 53, 103, 9851
List the prime factors of 2257613524.
2, 59, 9566159
What are the prime factors of 179636694?
2, 3, 1307, 22907
What are the prime factors of 204240357?
3, 22693373
List the prime factors of 144778717.
144778717
List the prime factors of 5409170172.
2, 3, 7, 1022141
What are the prime factors of 79586218?
2, 67, 257, 2311
List the prime factors of 752184160.
2, 5, 7, 13, 19, 2719
List the prime factors of 3055131279.
3, 467, 726893
List the prime factors of 58278431.
17, 3428143
List the prime factors of 4004756150.
2, 5, 80095123
What are the prime factors of 45272460?
2, 3, 5, 37, 20393
What are the prime factors of 533374360?
2, 5, 131, 101789
List the prime factors of 3553006456.
2, 29, 15314683
List the prime factors of 386938155.
3, 5, 29, 379, 2347
What are the prime factors of 27380567?
2633, 10399
What are the prime factors of 781723404?
2, 3, 7, 11, 31, 827
What are the prime factors of 44966350?
2, 5, 11, 13, 19, 331
What are the prime factors of 58008089?
58008089
List the prime factors of 22327757.
22327757
List the prime factors of 206866531.
23, 8994197
List the prime factors of 379018065.
3, 5, 59, 461, 929
List the prime factors of 465975712.
2, 17, 29, 29537
List the prime factors of 34383179.
19, 47, 139, 277
What are the prime factors of 260646189?
3, 23, 3777481
List the prime factors of 1804275035.
5, 2503, 144169
What are the prime factors of 67136723?
17, 232307
List the prime factors of 4044626107.
23, 1787, 98407
List the prime factors of 61880153.
17, 47, 77447
List the prime factors of 4154019799.
19, 218632621
What are the prime factors of 36106765?
5, 7221353
What are the prime factors of 455364487?
31, 14689177
What are the prime factors of 4273583816?
2, 19, 23, 59, 20719
What are the prime factors of 679977099?
3, 8394779
List the prime factors of 6070308.
2, 3, 241, 2099
What are the prime factors of 22752896?
2, 149, 1193
List the prime factors of 708223392.
2, 3, 839, 977
List the prime factors of 257434819.
19, 31, 437071
What are the prime factors of 81460959?
3, 27153653
What are the prime factors of 487068546?
2, 3, 81178091
What are the prime factors of 25221523?
17, 223, 6653
List the prime factors of 30255195.
3, 5, 149, 13537
List the prime factors of 1364650935.
3, 5, 90976729
List the prime factors of 35461919.
281, 126199
What are the prime factors of 992982697?
7, 109, 185917
List the prime factors of 145990394.
2, 11, 6635927
List the prime factors of 1746423857.
547, 3192731
List the prime factors of 89597149.
89597149
What are the prime factors of 893380634?
2, 17, 26275901
What are the prime factors of 18373508?
2, 4593377
What are the prime factors of 102252336?
2, 3, 1093, 1949
What are the prime factors of 895665658?
2, 9397, 47657
What are the prime factors of 769411956?
2, 3, 64117663
What are the prime factors of 3288969416?
2, 241, 1705897
What are the prime factors of 50279233?
691, 72763
What are the prime factors of 2451805241?
25679, 95479
List the prime factors of 1367237233.
1367237233
List the prime factors of 3564000334.
2, 173, 227, 45377
What are the prime factors of 110932600?
2, 5, 554663
What are the prime factors of 2643057?
3, 53, 1847
List the prime factors of 4685327149.
457, 10252357
What are the prime factors of 3166704419?
631, 739, 6791
What are the prime factors of 2231272856?
2, 59, 1951, 2423
What are the prime factors of 1494690660?
2, 3, 5, 17, 59, 487
List the prime factors of 726918835.
5, 37, 3929291
What are the prime factors of 40499373?
3, 13499791
What are the prime factors of 79178529?
3, 19, 1389097
List the prime factors of 429990259.
429990259
What are the prime factors of 12470017?
7, 673, 2647
What are the prime factors of 148156532?
2, 2741, 13513
What are the prime factors of 1255231381?
1255231381
What are the prime factors of 67940123?
67940123
List the prime factors of 852882146.
2, 17, 19, 1320251
List the prime factors of 39891258.
2, 3, 11, 67157
List the prime factors of 2854348075.
5, 401, 284723
List the prime factors of 5237425751.
641, 8170711
List the prime factors of 1670952290.
2, 5, 7, 1831, 13037
What are the prime factors of 9103581?
3, 1011509
What are the prime factors of 126572844?
2, 3, 139, 75883
List the prime factors of 1698839133.
3, 23, 257, 95801
List the prime factors of 960239775.
3, 5, 11, 727, 1601
What are the prime factors of 85660423?
101, 848123
List the prime factors of 325288749.
3, 108429583
List the prime factors of 163271266.
2, 41, 601, 3313
List the prime factors of 98312555.
5, 11, 19, 94079
List the prime factors of 2745924703.
2745924703
What are the prime factors of 466935669?
3, 643, 80687
List the prime factors of 149007821.
149007821
List the prime factors of 4089526508.
2, 367, 2785781
What are the prime factors of 59027554?
2, 71, 415687
What are the prime factors of 16450868?
2, 7, 83933
List the prime factors of 118490726.
2, 19, 157, 19861
List the prime factors of 639491056.
2, 19, 2103589
What are the prime factors of 149562990?
2, 3, 5, 359, 1543
List the prime factors of 154564844.
2, 7, 97, 56909
What are the prime factors of 2150072225?
5, 7, 1755161
List the prime factors of 309349872.
2, 3, 13, 257, 643
List the prime factors of 104923498.
2, 52461749
List the prime factors of 140327406.
2, 3, 103, 75689
What are the prime factors of 20892341?
20892341
What are the prime factors of 287538618?
2, 3, 37, 1295219
List the prime factors of 660586470.
2, 3, 5, 199, 110651
List the prime factors of 179813766.
2, 3, 11, 359, 7589
List the prime factors of 894959380.
2, 5, 7, 6392567
List the prime factors of 51488733.
3, 17, 193, 5231
What are the prime factors of 1355720389?
163, 8317303
List the prime factors of 444258787.
7, 193, 328837
What are the prime factors of 93762818?
2, 41, 167
List the prime factors of 277435091.
971, 285721
What are the prime factors of 411023937?
3, 137007979
List the prime factors of 573560493.
3, 11, 677, 25673
List the prime factors of 3143395328.
2, 1534861
List the prime factors of 22223159.
7, 3174737
What are the prime factors of 9892279?
43, 379, 607
List the prime factors of 281749620.
2, 3, 5, 1289, 3643
What are the prime factors of 182682398?
2, 199, 521, 881
List the prime factors of 139803616.
2, 4368863
What are the prime factors of 4001958625?
5, 7, 271, 2411
List the prime factors of 360939292.
2, 7, 37, 71, 701
What are the prime factors of 208532621?
11, 107, 177173
List the prime factors of 133235812.
2, 3617, 9209
List the prime factors of 205465268.
2, 41, 30557
List the prime factors of 332886453.
3, 110962151
What are the prime factors of 16635091?
11, 1512281
List the prime factors of 37846277.
7, 110339
What are the prime factors of 900445407?
3, 300148469
What are the prime factors of 727329720?
2, 3, 5, 13, 37, 12601
What are the prime factors of 729713573?
29, 25162537
List the prime factors of 1062068098.
2, 7, 13, 17, 343267
What are the prime factors of 3643632685?
5, 7, 11, 389, 24329
What are the prime factors of 344985526?
2, 172492763
What are the prime factors of 876801517?
307, 383, 7457
List the prime factors of 1003954720.
2, 5, 17, 83, 4447
List the prime factors of 177941310.
2, 3, 5, 43, 271, 509
What are the prime factors of 162311087?
17, 41, 232871
What are the prime factors of 259880616?
2, 3, 1203151
List the prime factors of 41657314.
2, 20828657
What are the prime factors of 702920108?
2, 11, 127, 125791
What are the prime factors of 13972084?
2, 7, 29, 17207
What are the prime factors of 92310424?
2, 11538803
What are the prime factors of 868021916?
2, 19, 53, 215497
What are the prime factors of 127857620?
2, 5, 11, 581171
What are the prime factors of 128842906?
2, 103, 625451
What are the prime factors of 59300681?
11, 5390971
List the prime factors of 158218315.
5, 3164